ate (-31 - (-3 - -29)) + 22 - (6 - -1).
-42
55 + (18 + 5 + -15 + -16 - -16)
63
Evaluate 38 + 18 + 63 + -77.
42
Calculate (-2 - 0) + -36 + 100 + 8.
70
-2 + (-4 - 1) + (-48 - (-11 + 3) - -128)
81
What is the value of 16 + (0 - (-9 - -12)) + (-238 - -104)?
-121
What is 32 + -3 + 2 + -12 + 14?
33
What is 24 + (-28 - -14) + -33?
-23
Calculate (-8 - (2 - (-8 - -8) - 4)) + -1 + 7.
0
What is the value of 59 + 1 + -10 + -59 + 62?
53
Calculate 16 - (-3 - -3) - (34 - (47 + -16)).
13
What is -74 + (-1 - 25) + (240 - 188)?
-48
What is -16 - (9 - (-6 + (2 - (2 - -5))))?
-36
What is 5 - (-163 + 128) - (-8 + 0)?
48
(-37 - (30 - 29)) + 0 + -12 - -5
-45
Calculate 16 + -4 + -203 + 232 + 94.
135
What is 9329 + -9444 + (0 - -163)?
48
What is (7 - -2) + 25 + 18 + -62 + 1 + -10?
-19
Calculate (-39 + 28 - (9 + 0)) + 1 + 21.
2
Calculate -18 + (3 - -5 - 24) - (1 + 0).
-35
What is the value of -5 - ((10 - 7) + -24 + 18) - 29?
-31
What is -12 + 2 - ((-129 - 47) + 162)?
4
What is (19 - (-5 + -35)) + -48 + 28?
39
What is -14 + (54 - 32) + -85 + (1 - -1) + 6?
-69
What is 25 - -9 - (13 + (-11 - 2))?
34
(-954 - -967) + -1 + -10 + -66
-64
Calculate (-80 + -5 - -95) + -18.
-8
Calculate 7 + -44 + 7 + 42 + -60.
-48
What is the value of 6 - (35 + 5 + -12 + -11)?
-11
What is the value of (11 + -11 - (2 - 19 - -7) - -1) + -73?
-62
Calculate -15 - (-6 - (9 + -16 + -12)).
-28
What is (-19 - -19) + 20 + -38 + 41?
23
What is 1 + -50 - (1474 - 1569)?
46
What is -7 + (26 - 10) + -48?
-39
What is 1 + 1 - (24 - (-177 + 175 - (-1 - 16)))?
-7
Evaluate -99 + (22 + 57 - -5).
-15
Calculate 2 + 5 + -8 + 1 + 24 + -88 + 101.
37
Evaluate 104 + 0 + -7066 + 6985.
23
What is the value of -13 - (6 + -13 - 4) - (-6 - -19)?
-15
Evaluate -21 + (356 - 352) + -24 + 2.
-39
-5127 - -5168 - (-2 - -97)
-54
Evaluate -34 - (15 - (12 + -7 + -6) - 8).
-42
What is the value of -38 + 110 + -16 + -18?
38
What is -65 + (-14 + 5 - (-10 + -3 + 7 - 1))?
-67
What is the value of (-2 - -4 - (0 + -2)) + (1146 - 1092)?
58
What is 279 + -276 + (1 - -14) - (8 - 61)?
71
What is the value of -99 + 0 - (-44 + (45 - -13) - -9)?
-122
What is the value of 4 + -7 + -29 + (8 - 16)?
-40
What is the value of -4 - (-58 + 5 + 46) - (77 + -2 + 2)?
-74
Calculate -16 - (-13 - (20 + (14 - 50))).
-19
What is the value of -20 + -9 + (61 - 39) + -13?
-20
What is the value of 1 + (-2 - 8 - (-14 + -10)) + -13?
2
What is -1 - ((-9 - -1) + (2 - (0 - 3))) - 36?
-34
Calculate (-21 - -1) + 31 + 51.
62
Evaluate (6 - (49 - 1) - -3) + (-52 - -55).
-36
Calculate 1 + -3 - (1 - 115) - (62 + -77).
127
Evaluate -63 + 26 + 33 + -13.
-17
-43 - 0 - 46 - -52
-37
Evaluate (1 - 3) + (21 - 23) + 4 + -7 + 7.
0
What is the value of -31 - (-54 + 2) - -4?
25
What is the value of -2 + -7 + (21 - (3 - -8)) - 20?
-19
Evaluate 0 + 44 + -2 - ((18 - 7) + (37 - 43)).
37
Calculate (-28 - 81) + -3 + 156.
44
Evaluate 105 - ((46 - -60) + -48).
47
Calculate 22 - (6 + 1) - (90 + -20) - (1 + -3).
-53
(-2 - 53) + (6105 - 6101)
-51
8 - (2 - 41 - (-45 - (26 + -73)))
49
What is 2 + -35 + 31 + -12 + 7?
-7
Calculate 14 + (-10 + -2 - -4) + -3 + 6.
9
Calculate -90 + (-54 - -77) + 9.
-58
Calculate -26 - -20 - (17 - 38) - (1 - 9).
23
What is the value of (27 + -37 - -2) + -14 + 8 + -57?
-71
What is (-4 - (7 + (5 - 2) + -15 + -2)) + -45?
-42
What is the value of (28 + -9 - (9 - 16 - -101)) + 6?
-69
What is the value of -18 + -4 + 3 - (-3 - (-5 + 7) - 2)?
-12
Calculate (-37 - -72 - 16) + -36 + 7.
-10
What is the value of -146 + (-9 - (19 - (-9 + 10) - 22))?
-151
Evaluate -35 + -2 + (-6 - (32 + 3 + -29)).
-49
What is 0 + 120 - (-2409 + 2471)?
58
What is -94 + 100 + 94 - 61?
39
What is 76 + -85 - ((10 - 11) + -14 - -104)?
-98
Evaluate 34 - (-68 + -35 - -55).
82
Calculate 6 - (-42 - (17 - 107)).
-42
What is the value of (6 - -6) + (-43 - (7 - 7 - 17))?
-14
Evaluate (17 - ((13 - 0) + -10 + 3)) + -21.
-10
Calculate (6 + -8 - 12 - (-9 - 0)) + (7 - -2).
4
What is the value of (148 - 174) + (-3 - -13 - 1 - 0)?
-17
Evaluate -9 + -1 + -29 + 58 + -29 + -25.
-35
What is the value of 1 + -15 - (12 - (-12 - -47))?
9
36 - (3 - 19 - (-37 + 10 + 26))
51
Evaluate 1895 + -1888 - (-2 + 10 + -2 + -3 - 8).
12
What is (-181 - -276) + -27 + 2 - (-9 - 1)?
80
What is the value of 27 - -3 - -9 - 60?
-21
Calculate (-71 - -21) + 47 + 29.
26
What is 30 + -53 + 2 + 50?
29
Evaluate -38 - (64 - (54 - -9)).
-39
Calculate 95 - (-36 - (-67 - -67)).
131
What is 77 + -139 + 4 + (12 - 1 - 2)?
-49
What is the value of (-60 - -9) + (3 - -3) + (32 - 45)?
-58
Evaluate 14 + (-8 - 0) - -9 - (18 - -53).
-56
(-33 - (-102 + -16)) + (-4 - -15) + -1
95
(-22 - -13) + (-76 - -64) + 0 + -55
-76
Evaluate -8 + 1 + (-68 - -27) + -79.
-127
Evaluate 31 + 17 + (11 - 45) + 26.
40
What is the value of (10 - -3 - 6 - -68) + -8 - 4?
63
What is the value of (-4 - -83) + -3491 + 3308?
-104
(-47 - (-19 - -23)) + -19 + (-8 - 15)
-93
Evaluate -112 + 104 - ((-14 - -5) + -61).
62
Evaluate 3 - -19 - ((2 - -18) + (-23 - (-5 - 9))).
11
What is -1 + (7 - 51) + 5?
-40
(2 - 1) + 105 + (36 + -41 - 6)
95
What is -37 - -55 - 5 - (108 - 1) - (-15 - -2)?
-81
Evaluate 3 + (-42 - -25 - -5 - -22) - 114.
-101
(20 - -1) + (-35 - -56)
42
-9 - (-12 + 21 + -18) - -50
50
What is the value of -3 + 6 - -6 - 4 - 84 - (74 - 69)?
-84
Calculate -46 + (3 + 1 - (4 - 1) - (-7 + 11)).
-49
What is -5 + ((20 - 11) + -28 - 9)?
-33
(4 + -13 - (-20 - -11) - -3) + -18
-15
What is 14 + -5 + -80 + 28?
-43
Evaluate -7 + 0 + (-27 - -2 - (0 - 12)).
-20
Evaluate (-2769 - -2788) + (0 - -17).
36
What is the value of 34 + 3 + (13 - ((-7 - -21) + -9))?
45
Calculate 10 - (59 + -6) - (-6 + 5).
-42
Evaluate -2 - 6 - -67 - (22 + (-47 - -19)).
65
What is 4 + (-1 - 66) - -4 - ((-65 - -47) + 16)?
-57
What is the value of -14 - ((-24 - -13) + (-14 - -7)) - 60?
-56
What is the value of (-29 - 30) + 8 + (-8 - (-16 + 0))?
-43
What is 2 - ((8 - 2) + -4 - (8 - (18 - 10)))?
0
Calculate (0 - 2 - (5 - -8)) + (-943 - -938).
-20
Evaluate 12 + (-4 - (16 - 31) - (1 - -4)).
18
Evaluate (28 - (-33 + -4 + -4)) + -22.
47
(-86 - (-187 - -176)) + (20 - -1)
-54
Calculate 44 - 2 - (-92 + 128).
6
Calculate 6 + -94 + (20 + -11 - -18).
-61
What is the value of -44 + (-70 - -116) + -4?
-2
What is the value of (-13 - 9) + 129 + -124?
-17
38142 - 38131 - ((-2 - -92) + 2)
-81
Evaluate (78 - (-4 + (12 - -2 - -6))) + 0 + 9.
71
Evaluate (6 + 1 - -18) + (20 + -6 - 17).
22
1 + -77 - ((-32 - (29 - 19)) + 30)
-64
Evaluate (-36 - (54 + -142)) + -3.
49
Evaluate 7 + -17 - (-15 - (3 + -41 + -2)).
-35
24 - ((426 - 424) + 0 + 9) - (-2 - -6)
9
Calculate (-9 - (0 - (2 + 8) - 67)) + -11.
57
Calculate 0 - -7 - (16 - (-5 + 12)) - (-10 - 6).
14
What is -23 - 31 - (-15 + 54) - -2?
-91
-21 + 21 + 65 + -24
41
(3 - -11) + -5 + -2144 + 2245
110
Calculate -80 + (7 - 4) + -13 + 44 + -25.
-71
Evaluate 14 - -4 - (-77 - -147 - -81).
-133
2 + 10 + 0 + -8 - (-71 - -83)
-8
What is the value of -1 + -4 + 0 + -6 + 64 + -26 + 20?
47
Evaluate -4 + -58 + (23 - (-17 + 33)).
-55
Evaluate (-207 + 216 - (1 + -2 - -15)) + -30.
-35
Calculate (3 - (19 + 1)) + (37 - (31 + -19)).
8
Evaluate (-2 - 10) + 9 + 155 + -149.
3
What is 13 + (-65 + -5 + 11 - (-44 - -52))?
-54
What is the value of 6 + 2 - -76 - (-8 - -2)?
90
Calculate (-3 - -4) + (-2 - -23) + 18 + 9.
49
-63 - -24 - (-90 - 34)
85
(-36 - -7 - -30) + (4 + 0 + -5 - 5)
-5
Evaluate 124 + -134 - (-2 - -2) - -15 - 18.
-13
Evaluate -25 - 10 - (5 + (40 - 36)).
-44
What is 25 + -44 + (20 - -3) - -59?
63
Evaluate (27 - (-3 - -16)) + (8 - (31 + -10)) - 140.
-139
What is the value of 18 - ((1 - (3 + 8)) + 13)?
15
Calculate -16 + -5 + (64 + 3 - 4).
42
Evaluate (-17831 - -17898) + -46 + 0.
21
Calculate -7 - ((15 + -17 - -19 - 40) + -58).
74
Calculate 17 + -18 - ((-11 - -4) + -51 + -1).
58
What is the value of -27 - ((-70 - -12) + -32 + 11)?
52
Calculate -370 + 285 + 49 + 25.
-11
Evaluate 18 + (-2 + 5 - -10) + -19.
12
What is the value of -17 + 0 + (2430 - 2468 - (-125 - 1))?
71
What is 2 + 2 - (103 + 9 - 63)?
-45
Evaluate -1 + 5 - (15 - (-21 - (-27 + -44))).
39
Evaluate 1 + -1 + 3 - (26 + -62 + 26).
13
Calculate -147 - (-3 + 4 - (14 + -1) - (-5894 + 5884)).
-145
Calculate -25 - ((-33 - 72) + 42).
38
(81 - 139) + 3 + 4 + 0
-51
What is the value of -21 + 16 - (-37 + (-17 - -15))?
34
-107 - (10 + 2 + (1 - 1) + (256 - 281))
-94
Calculate 30 + (9 - 3